pose -84 = -6*p + 3*p + s, -5*s = p + 4. Let r = 29 + -14. What is the remainder when p is divided by r?
11
Let s(q) = -2*q**2 + 33*q - 77. What is the remainder when 244 is divided by s(12)?
27
Suppose 3*h + 6*h = 909. Suppose -h - 95 = -4*q. Calculate the remainder when q is divided by 10.
9
Let y = 14 + 27. Suppose y = f + 6. Suppose 2*o + 14 - 50 = 0. What is the remainder when f is divided by o?
17
Suppose 138 = 6*p - 12. Calculate the remainder when 60 is divided by p.
10
Let g be 2 - (0/4 + -3 + 1). Suppose -i + 5 = -g. Calculate the remainder when i is divided by 7.
2
Suppose -3*g + 5 = 26. Let z(y) = -y**3 + 15*y**2 - 2*y + 21. Let j be z(15). Let f = g - j. What is the remainder when 4 is divided by f?
0
Let o = 59 + -21. Suppose 42*s = o*s + 36. What is the remainder when 26 is divided by s?
8
Let v = -57 - -209. What is the remainder when v is divided by 5?
2
Suppose 7*k + 3258 = 10*k - z, -2*k = z - 2167. What is the remainder when k is divided by 16?
13
Suppose 0 = 34*w - 32*w - 100. What is the remainder when 198 is divided by w?
48
Let g(w) be the second derivative of 3*w**5/4 + w**4/12 - w**3/6 + w**2/2 + 11*w. Let l = 44 + 2. What is the remainder when l is divided by g(1)?
14
Suppose 4*o + 159 - 791 = 0. Calculate the remainder when o is divided by 40.
38
Let x(s) = -3*s**3 - 11*s**2 + 9*s**2 - s**3 - 9 - 3*s. What is the remainder when 146 is divided by x(-2)?
20
Let t(r) be the first derivative of -r**4/4 + 5*r**3/3 + 3*r + 3. What is the remainder when 21 is divided by t(5)?
0
Suppose -17 - 6 = -5*v - 4*d, -2*v = 3*d - 12. Suppose -5*y = -j - 42, 5*y - 25 = -v*j + 29. What is the remainder when 4/(-5)*(-325)/10 is divided by y?
8
Calculate the remainder when (-91)/2*(-264)/154 is divided by (16 - 0) + 0/(-3).
14
Suppose -3*i + 5*i = -5*d + 88, 5*d + 5*i - 85 = 0. Calculate the remainder when 42 is divided by d.
6
Let q = 7 - 2. Let g(x) = -2*x**3 - 4*x**2 - 3*x + 2. Let d be (-12)/8 - 3/6. What is the remainder when g(d) is divided by q?
3
Suppose -5 - 7 = -4*b. Suppose 152 = g + b*g. Calculate the remainder when g - (-2 + 0 + 0) is divided by 11.
7
Let h be ((-11)/22)/((-2)/32). Let z(i) = 3*i + 20. Calculate the remainder when z(h) is divided by 23.
21
Calculate the remainder when 177 is divided by (-4)/8 + (1085/10)/7.
12
What is the remainder when 398 is divided by (-9782)/(-201) + 4/3?
48
What is the remainder when -2 + (-118)/(-2) + -1*4 is divided by 13?
1
Let n = -254 - -1189. Calculate the remainder when n is divided by 52.
51
Suppose 756 = 39*m - 570. Suppose 0 = -4*a + 4, 5 = 3*g - 5*a - 26. Calculate the remainder when m is divided by g.
10
Suppose -v - 103 + 23 = y, 3*y + 2*v = -237. Let r = y + 97. Suppose p - 2 = 55. Calculate the remainder when p is divided by r.
17
Let k = -47 + 35. What is the remainder when 11 is divided by (-10)/4*k/10?
2
Let m(q) = -15*q. Let s be m(-2). Calculate the remainder when 35 is divided by ((-14)/(-3))/(10/s).
7
Suppose -413*m + 406*m + 56 = 0. What is the remainder when 15 is divided by m?
7
Suppose -8*u - 168 = -488. Suppose -9*t = -5*t - u. What is the remainder when 36 is divided by t?
6
Let c(u) = u**3 + 10*u**2 + 14*u - 18. Suppose -5*s - 4*f = -456 - 320, s + 5*f = 172. What is the remainder when s is divided by c(-7)?
28
Suppose 0 = 3*h + 3*p - 21, -5*h - 3*p + 15 = -18. Calculate the remainder when 4*(270/(-12))/(-9) is divided by h.
4
Suppose -2331 = 16*u - 23*u. Calculate the remainder when u is divided by 28.
25
Let l(q) = -q**3 - 9*q**2 + 5*q - 16. Let j be l(-10). Suppose 0*g + j = 5*g - 3*p, 0 = -3*g + p + 18. What is the remainder when 13 is divided by g?
3
Suppose -13*l + 110 = 9*l. What is the remainder when 22 is divided by l?
2
Suppose 2*l - 5*l = -102. Let b = 6 + -3. Suppose b*h + 69 = 5*g, -5*h - 3 = 4*g - 3*g. Calculate the remainder when l is divided by g.
10
Let u(l) = -10*l**3 + 3*l**2 + 3*l + 3. Calculate the remainder when u(-2) is divided by (-9 - -9 - -7) + 6 + 5.
17
Let f = -270 + 297. Calculate the remainder when f is divided by 26.
1
Suppose 3*z + 24 = 5*u, 6 = -3*u + 2*z - 7*z. Suppose 4*v + 6*b - 314 = 3*b, -u*b - 71 = -v. What is the remainder when v is divided by 20?
17
Let c be ((-3)/2)/((-6)/40). Suppose p = u + 4, u + u - c = 0. Suppose 4*q + q = 120. What is the remainder when q is divided by p?
6
Suppose 5*g = -22*g + 810. Calculate the remainder when 58 is divided by g.
28
Let v = -33 - -46. Suppose -3*n = -46 + v. Let a(p) = -4*p - 15. What is the remainder when a(-11) is divided by n?
7
Let d(r) = 55*r**3 - r. Let z be d(1). Suppose -p = p - z. Suppose -a = -3*a + 30. Calculate the remainder when p is divided by a.
12
Let k = -1004 + 1447. Let z = k - 314. What is the remainder when z is divided by 26?
25
Let o(y) = y**2 + 5*y + 3. Let v be o(-5). Suppose -5*w - 26 + 1 = m, -v*w = 5*m - 7. Calculate the remainder when 57 is divided by (0 - w)*10/4.
12
Let z(i) = -i**2 + 21*i + 21. Suppose -4*n + 9*n + 52 = 4*t, -n = 0. What is the remainder when z(18) is divided by t?
10
Suppose 3*h - j - 103 = 0, h - 5*j + j - 16 = 0. Suppose -4*p + 112 = h. What is the remainder when 151 is divided by p?
18
Suppose -s + 13 = 5*u, 77*u - 31 = -2*s + 72*u. What is the remainder when 93 is divided by s?
3
Let a be 36/(-24)*8/(-3). What is the remainder when 44 is divided by a/(-1 - -13)*75?
19
Suppose -35 = -2*q - 13. Calculate the remainder when (-129)/(-30)*140/14 is divided by q.
10
Let a(l) = 2 + 2*l - 11*l + 0 + 2. Calculate the remainder when a(-10) is divided by 16.
14
Calculate the remainder when 9/18*14 - -72 is divided by 16.
15
Let j be 15 - (3 - 3/1). Suppose 0*y = -5*y + j. What is the remainder when 69 is divided by (3 - (y + -12)) + 0?
9
Let t(p) = -4*p**2 + 15*p. Let o be t(4). What is the remainder when (26/o)/((-24)/48) is divided by 6/27 - 86/(-18)?
3
Suppose -52*g + 15029 = 2133. Calculate the remainder when g is divided by 122.
4
Let n(r) = 25*r - 117. What is the remainder when 131 is divided by n(6)?
32
Suppose -7*s + 3*s - 160 = -2*b, -s = -4*b + 299. Suppose 2*m - 85 = -3*m. Calculate the remainder when (-2)/(-3)*b - 13/39 is divided by m.
15
Let f be 1 - (0 - 1)*2. Let t(x) be the third derivative of x**4/4 + x**3/3 - 2*x**2. What is the remainder when t(f) is divided by 7?
6
Let y = -248 - -280. What is the remainder when 154 is divided by y?
26
Suppose 0 = 10*r + 44 - 434. What is the remainder when 300 is divided by r?
27
Let z be -60 - (-4 + 5 + 3). Let s = -31 - z. Calculate the remainder when s is divided by 9.
6
Calculate the remainder when 504 is divided by (6 - -7) + -5 + 14.
20
Let v(r) = -r - 1. Let m(s) = 4*s + 7 + 0*s - 6*s. Let d be m(9). Calculate the remainder when 28 is divided by v(d).
8
Let l(f) = -4*f - 12. Let c be l(-2). Calculate the remainder when 230 is divided by 1/((-93)/198 - c/8).
32
Let y(z) = -z**3 + 34*z**2 + 73*z - 29. Let w be (0/(-1))/(-2*1). Suppose -5*m + w*m + 125 = 0. Calculate the remainder when m is divided by y(36).
4
Let q(j) = 18*j**3 + j**2 + j - 1. Let o be ((-3)/2)/((-15)/10). Let z be q(o). Suppose 3*m - 17 = z. Calculate the remainder when 23 is divided by m.
11
Let p(h) = 4*h + 227. Let v = 0 - 8. Calculate the remainder when p(-49) is divided by -2 - (0 - 2) - v.
7
Suppose -3*y + 199 = 4*j, -256 = -4*y + 23*j - 19*j. Calculate the remainder when 448 is divided by y.
58
Let f(d) = -d**3 + 10*d**2 + 15*d + 15. Calculate the remainder when (-12670)/(-35) + (-20)/2 is divided by f(11).
57
Let h = 115 + -11. Suppose 5*q - 7*q + h = 0. What is the remainder when q is divided by 28?
24
Suppose -274 = -5*t + 26. What is the remainder when t/28 - 2/14 is divided by 1?
0
Let d = 164 + -21. What is the remainder when d is divided by 72?
71
Let u(t) = -38*t - 1. Let g = 445 + -425. Calculate the remainder when u(-1) is divided by g.
17
Suppose -12*r + 326 = 2. What is the remainder when 347 is divided by r?
23
Suppose 2*p = 2, -5*v - 12 = 3*p + 75. Let s = 37 + v. Calculate the remainder when 55 is divided by s.
17
What is the remainder when 82 is divided by -2 - ((-24)/10)/(2/15)?
2
Suppose -5*s - 33 - 72 = 0. Let b = s + 51. Calculate the remainder when 20/b + 79/3 is divided by 15.
12
Suppose -w - 215 = -3*w - 5*a, -5*w + 527 = 2*a. Let i(v) = -v**2 + v + 27. Let u be (0*(-2)